(-14)/(-343). What is the highest common divisor of 44 and d?
22
Let o = -4 + -1. Let r = 5 - o. Let q be (-3 - 2)/((-7)/154). Calculate the highest common factor of r and q.
10
Let v be -1 + (3 - 1)*12. Suppose -2*z = -2*o + 22, 0 = 3*o - 15 + 6. Let k = 15 - z. What is the greatest common factor of k and v?
23
Let z(k) = 2*k**2 - 2*k - 6. Let m be z(-3). Suppose -44 - 10 = -3*h. Suppose -5*v + 198 - h = 0. What is the highest common divisor of v and m?
18
Let l(g) = 370*g**2 - 18*g + 32. Let r be l(2). What is the greatest common divisor of r and 36?
36
Let g be ((-3)/(-6))/(4/120). Suppose -11*t + g*t - 384 = 0. What is the greatest common divisor of t and 12?
12
Let m be -5 - ((-290)/6 + 28/21). Let l(t) = -2*t**3 - t**2 + 2. Let r be l(-2). What is the highest common divisor of m and r?
14
Suppose -2*t = -4*t - 0*t. Suppose s + 2*m - 3 - 11 = t, 4*m = -4. Calculate the highest common divisor of s and 16.
16
Let n = -133 + 349. Suppose -o + 120 = 4*o. What is the greatest common divisor of n and o?
24
Let q(b) = 2*b + 1. Let d be q(3). Suppose 2*i + 4 = -d*k + 3*k, 0 = -3*i + 2*k + 2. Suppose 2*v - 550 = -i*v. What is the greatest common factor of v and 25?
25
Let w be ((-6)/14)/((-1)/7). Suppose -4*u = -2*u - w*g - 17, 5*u + 4*g = 8. Suppose u*m + 72 = 232. What is the greatest common factor of 5 and m?
5
Let z be 8/16*6/1. Let s(o) = o**3 - 4*o**2 + 3*o + 2. Let b be s(z). Let x be (b - 5) + 15 + 0. Calculate the highest common factor of x and 4.
4
Let h = 37 + -26. Let s = 16 - h. Suppose q - 68 = -5*j + 25, -4*q = -s*j + 78. Calculate the greatest common factor of j and 2.
2
Let p = 284 - 224. What is the highest common factor of 96 and p?
12
Let s(t) = t**2 - 3*t + 8. Let n(m) = -2*m - 2. Let j be n(3). Let g be s(j). Suppose g = 3*v + 3*v. Calculate the greatest common divisor of 128 and v.
16
Suppose 0 = 16*b - 142 + 30. Suppose -3*x + 7 = -2. Suppose 108 = -x*y + b*y. Calculate the greatest common divisor of y and 18.
9
Let q be 3 + (-6)/(-2)*1. Suppose w + 530 = 2*a + q*w, 5*a + 4*w = 1359. What is the highest common divisor of 25 and a?
25
Let m(n) = -n**3 - 5*n**2 + 4*n + 3. Let z be m(-6). What is the highest common divisor of z and 495?
15
Let y(m) = 3*m + 0*m**2 - m**2 - 1 + 12 - 2. Let l be y(4). Suppose -2*x + 61 = 11. Calculate the highest common factor of l and x.
5
Let h(g) = 33*g. Let d(u) = u**2 - u + 3. Let w be d(2). Let k be (-4)/(-4) + w + -4. Let c be h(k). Calculate the greatest common factor of 33 and c.
33
Let x = 41 + -38. Suppose -2*c + 47 + 4 = 3*i, 0 = x*c - 3*i - 69. Calculate the greatest common factor of c and 60.
12
Let d be 6*(-1 - (-2)/4). Let g be (d + 13/2)*2. What is the greatest common factor of 7 and g?
7
Let g be (-12)/(-9)*(-1950)/(-40). What is the highest common divisor of g and 286?
13
Let r be -1 + -1 - (7 - 34/2). Calculate the greatest common divisor of 200 and r.
8
Suppose 0 = -3*v + 2*p + 60, -27*v - 20 = -28*v - 3*p. What is the greatest common divisor of 56 and v?
4
Suppose 2*s = 8, 5*d - 331 = 4*s - 8*s. Suppose 5*j + d = 228. Let z = 47 - j. Calculate the highest common factor of z and 28.
14
Suppose -v + v = v. Let i be -375*((-8)/3 + 2). Suppose -c - 5*y - i = -4*c, -4*c - y + 318 = v. What is the greatest common divisor of 20 and c?
20
Suppose -6*n - 5*h = -4*n - 29, -72 = -3*n + 2*h. What is the greatest common divisor of 176 and n?
22
Let i = -16 + 28. Suppose -s + 2*s = 96. What is the greatest common factor of s and i?
12
Suppose -18*d + 26 + 406 = 0. What is the highest common divisor of 276 and d?
12
Let f be ((1 + 1)*-1)/(6/(-42)). Let s(d) = -d**2 + 15*d - 5. Let h be s(f). What is the highest common factor of h and 18?
9
Let g(u) = 3*u**2 + 15*u - 8. Let b be g(-7). Suppose 1080 = -30*l + b*l. Calculate the highest common divisor of 30 and l.
30
Let p be 1/(-7 - (-15)/5)*-124. Let b = -6 - -15. Let o = b + p. Calculate the greatest common divisor of 16 and o.
8
Suppose -8*s + 361 = 137. Calculate the highest common factor of 1372 and s.
28
Let t = 32 + 52. Calculate the greatest common divisor of t and 36.
12
Suppose -k + 5*v = -8, -4*k - 3*v + 120 = -v. Let n = -9 + k. What is the greatest common divisor of 152 and n?
19
Suppose 0 = -2*b + 27 + 169. Suppose -16*z + 9*z = -b. Calculate the greatest common divisor of 2 and z.
2
Let w(r) = 6 - 3*r**2 + 14*r + 0*r**2 - 14 + 2*r**2. Let m be w(13). Suppose o + 2*p - 16 = -0*p, 98 = m*o + p. What is the greatest common factor of o and 40?
20
Let j(w) = -w**2 - 8*w - 19. Let z be j(-8). Let r = z + 70. What is the highest common divisor of r and 34?
17
Let u(s) = 63*s**3 - s**2 + s + 2. Let n be u(-1). Let a be (-1)/((2 + n/33)/(-7)). Calculate the greatest common divisor of 7 and a.
7
Suppose u + 4*u = 35. Let a be 4/u - 124/(-28). Let n(j) = j**3 - 5*j**2 + j - 2. Let q be n(a). What is the highest common divisor of 24 and q?
3
Let w = 23 - 21. Suppose 0 = v + 5*n - 39, -w*n + 0 = -6. What is the greatest common divisor of v and 32?
8
Let t(y) = -y - 16. Let o be t(-27). What is the greatest common divisor of o and 2?
1
Let y = -217 - -354. Suppose -5*t - 37 + y = 0. Calculate the greatest common divisor of t and 10.
10
Suppose 25*u - 3944 = 6906. What is the greatest common factor of 14 and u?
14
Let a = -309 - -537. What is the highest common factor of a and 57?
57
Let j be 1/((-22)/(-10) + -2) + 13. Calculate the greatest common factor of 18 and j.
18
Suppose -3*m - 4*u + 116 = 0, 4*u = -4*m + 3*m + 44. Let l = 9 + -9. Suppose -3*i = -l*i - 36. Calculate the highest common factor of m and i.
12
Let u = -462 + 474. Calculate the highest common factor of u and 72.
12
Let y = -34 + 46. Suppose r - 5*u = -2*r, 0 = -2*r - 4*u. Suppose z = 3*p - 180, r = -3*z - z. What is the greatest common divisor of p and y?
12
Suppose 5*b - 80 + 10 = -5*r, 4*b - 5*r - 11 = 0. Let l be (5 - 0 - -73) + -6. Calculate the highest common factor of b and l.
9
Suppose 7*k = 2*k + 225. Let f = -9 + k. Let r be (f/16 - 0)*36. Calculate the highest common factor of 9 and r.
9
Let v = -602 - -606. What is the greatest common factor of v and 21?
1
Let x(r) = 7*r + 2. Let f be x(4). Let h be 6/(-4)*(-220)/f. Suppose -h*u + 36 = -8*u. Calculate the highest common divisor of u and 18.
6
Suppose -8 = i + 5. Let f = i + 17. Suppose -f*m - 137 = -457. Calculate the highest common divisor of m and 20.
20
Let q = 191 + -116. Let c = q - 63. Calculate the greatest common factor of c and 204.
12
Suppose -5*v - 5*u + 800 = 0, 0 = -4*v - u - 33 + 661. What is the highest common factor of 117 and v?
39
Suppose 3*z = 3*w - 0*w - 1263, 4*w + 2*z = 1666. Calculate the greatest common divisor of w and 22.
22
Let h = 25 + -9. Let l(g) = 2*g + 16. Let k be l(24). Calculate the greatest common divisor of h and k.
16
Let s(k) = 56*k + 8. Let a be s(2). Calculate the highest common factor of 15 and a.
15
Let q(s) = -73*s**3 - 11*s - 12. Let b be q(-1). Calculate the greatest common divisor of b and 16.
8
Suppose -34 - 2 = -2*q. Calculate the greatest common divisor of q and 738.
18
Let y(u) = u**2 + 8*u - 12. Let a be y(-14). Suppose 4*i + 3*c = a, 3*c + 25 = i + 7. What is the greatest common divisor of i and 27?
9
Suppose 6*s - 4*s = 4, 0 = -2*y - 3*s + 378. Calculate the greatest common factor of 124 and y.
62
Let m(g) = 24*g - 12 - 8*g + 15*g. Let d be m(5). What is the highest common divisor of d and 13?
13
Let w(c) = -c**3 - 2*c - 3*c**3 + 3*c + 3*c**3 - c**2 + 184. Let p be w(0). Let y = p - 40. What is the highest common factor of 18 and y?
18
Let c = 70 + -23. Let j = 82 - c. Suppose 3*d + 2*d = j. Calculate the highest common factor of d and 63.
7
Suppose -4*v - 2*c + 268 = 3*c, 0 = 5*v + 2*c - 318. Calculate the greatest common divisor of v and 155.
31
Let f = 51 + -37. What is the highest common divisor of 350 and f?
14
Let g = -3 + 16. Let l(d) = -3*d**3 + 7*d**2 + 45*d + 6. Let r be l(-4). Calculate the greatest common factor of r and g.
13
Suppose 348 = 3*u + 2*w, -u = 2*w - 0*w - 112. Let p = -54 + u. Suppose 3*a = 7*a - p. What is the greatest common factor of a and 2?
2
Suppose 0 = 5*n - 2*d - 376, 2*n + d - 32 - 113 = 0. Calculate the greatest common divisor of 74 and n.
74
Let y(x) = x - 2. Let u be y(2). Suppose u = -3*f - 45 + 3. Let g = f + 26. C